{"id":3,"date":"2021-05-13T18:26:33","date_gmt":"2021-05-13T18:26:33","guid":{"rendered":"https:\/\/www.kian.li\/?page_id=3"},"modified":"2021-05-13T19:48:01","modified_gmt":"2021-05-13T19:48:01","slug":"privacy-policy","status":"publish","type":"page","link":"https:\/\/www.kian.li\/index.php\/privacy-policy\/","title":{"rendered":"Datenschutz"},"content":{"rendered":"\n<p>Datenschutz hat einen hohen Stellenwert f\u00fcr uns. Diese Datenschutzerkl\u00e4rung kl\u00e4rt Sie \u00fcber die Art, den Umfang und Zweck der Verarbeitung von personenbezogenen Daten (nachfolgend kurz \u00abDaten\u00bb) innerhalb unserer Webseite und der mit ihr verbundenen Webseiten, Funktionen und Inhalte sowie externen Onlinepr\u00e4senzen auf (nachfolgend gemeinsam bezeichnet als \u00abWebseite\u00bb).<\/p>\n\n\n\n<p>Die verantwortliche Stelle f\u00fcr die Datenverarbeitung auf dieser Webseite ist:<\/p>\n\n\n\n<p>Tsch\u00fctscher Networks &amp; Expertise AG<br>Obrosa 7<br>9491 Ruggell<br>F\u00fcrstentum Liechtenstein<br><a href=\"mailto:info@tschuetscher.info\">info@tschuetscher.info<\/a><\/p>\n\n\n\n<p><strong>Auskunft, L\u00f6schung, Sperrung<br><\/strong>Sie haben im Rahmen der geltenden gesetzlichen Bestimmungen jederzeit das Recht auf unentgeltliche Auskunft \u00fcber Ihre gespeicherten personenbezogenen Daten, deren Herkunft und Empf\u00e4nger und den Zweck der Datenverarbeitung und gegebenenfalls ein Recht auf Berichtigung, Sperrung oder L\u00f6schung dieser Daten. Hierzu sowie zu weiteren Fragen zum Thema personenbezogene Daten k\u00f6nnen Sie sich jederzeit unter der oben angegebenen Adresse an uns wenden.<\/p>\n\n\n\n<p>Viele Datenverarbeitungsvorg\u00e4nge sind nur mit Ihrer ausdr\u00fccklichen Einwilligung m\u00f6glich. Sie k\u00f6nnen eine bereits erteilte Einwilligung jederzeit widerrufen. Dazu reicht eine formlose Mitteilung per E-Mail an uns. Die Rechtm\u00e4ssigkeit der bis zum Widerruf erfolgten Datenverarbeitung bleibt vom Widerruf unber\u00fchrt.<\/p>\n\n\n\n<p>Bei der Kontaktaufnahme mit uns (z.B. per E-Mail oder Telefon) werden die Angaben des Nutzers zur Bearbeitung der Kontaktanfrage und deren Abwicklung gem. Art. 6 Abs. 1 lit. b) DSGVO verarbeitet. Die Angaben der Nutzer k\u00f6nnen in einem Customer-Relationship-Management System (\u00abCRM System\u00bb) gespeichert werden.<\/p>\n\n\n\n<p id=\"dsg-general-datatype\">Arten der verarbeiteten Daten:<\/p>\n\n\n\n<ul class=\"wp-block-list\"><li>Bestandsdaten (z.B. Namen, Adressen)<\/li><li>Kontaktdaten (z.B. E-Mail, Telefonnummern)<\/li><li>Inhaltsdaten (z.B. Texteingaben, Fotografien, Videos)<\/li><li>Nutzungsdaten (z.B. besuchte Webseiten, Interesse an Inhalten, Zugriffszeiten)<\/li><li>Meta-\/Kommunikationsdaten (z.B. Ger\u00e4te-Informationen, IP-Adressen)<\/li><\/ul>\n\n\n\n<p><strong>Kontaktaufnahme<br><\/strong>Bei der Kontaktaufnahme mit uns (z.B. per E-Mail, Telefon oder via sozialer Medien) werden die Angaben des Nutzers zur Bearbeitung der Kontaktanfrage und deren Abwicklung gem. Art. 6 Abs. 1 lit. b) DSGVO verarbeitet. Die Angaben der Nutzer k\u00f6nnen in einem Customer-Relationship-Management System (\u00abCRM System\u00bb) gespeichert werden.&nbsp;Wir l\u00f6schen die Anfragen, sofern diese nicht mehr erforderlich sind. Ferner gelten die gesetzlichen Archivierungspflichten.<\/p>\n\n\n\n<p><strong>Datensicherheit<br><\/strong>Wir verwenden innerhalb des Webseiten-Besuchs das verbreitete SSL-Verfahren (Secure Socket Layer) in Verbindung mit der jeweils h\u00f6chsten Verschl\u00fcsselungsstufe, die von Ihrem Browser unterst\u00fctzt wird. Ob eine einzelne Seite verschl\u00fcsselt \u00fcbertragen wird, erkennen Sie an der geschlossenen Darstellung des Sch\u00fcssel- beziehungsweise Schloss-Symbols in der Adressleiste Ihres Browsers. Dar\u00fcber hinaus wenden wir weitere geeignete technische und organisatorische Sicherheitsmassnahmen an, um Ihre Daten gegen zuf\u00e4llige oder vors\u00e4tzliche Manipulationen, teilweisen oder vollst\u00e4ndigen Verlust, Zerst\u00f6rung oder gegen den unbefugten Zugriff Dritter zu sch\u00fctzen. Unsere Sicherheitsmassnahmen werden entsprechend der technologischen Entwicklung fortlaufend verbessert.<\/p>\n\n\n\n<p><strong>Erfassung von allgemeinen Daten und Informationen<br><\/strong>Der Provider der Seiten erhebt und speichert automatisch Informationen in sogenannten Server-Log-Dateien, die Ihr Browser automatisch an uns \u00fcbermittelt. Dies sind:<\/p>\n\n\n\n<ul class=\"wp-block-list\"><li>verwendete Browsertypen und Versionen<\/li><li>das vom zugreifenden System verwendete Betriebssystem<\/li><li>die Webseite, von welcher ein zugreifendes System auf unsere Internetseite gelangt (Referrer)<\/li><li>Datum und Uhrzeit eines Zugriffs auf die Internetseite<\/li><li>Internet-Protokoll-Adresse (IP-Adresse)<\/li><li>Internet-Service-Provider des zugreifenden Systems<\/li><li>sonstige \u00e4hnliche Daten und Informationen, die der Gefahrenabwehr im Falle von Angriffen auf unsere informationstechnologischen Systeme dienen.<\/li><\/ul>\n\n\n\n<p>Eine Zusammenf\u00fchrung dieser Daten mit anderen Datenquellen wird nicht vorgenommen. Die Erfassung dieser Daten erfolgt auf Grundlage von Art. 6 Abs. 1 lit. f DSGVO. Der Webseitenbetreiber hat ein berechtigtes Interesse an der technisch fehlerfreien Darstellung und der Optimierung seiner Webseite, hierzu m\u00fcssen die Server-Log-Files erfasst werden.<\/p>\n\n\n\n<p id=\"dsg-hostingprovider\"><strong>Hosting und E-Mail-Versand<br><\/strong>Die von uns in Anspruch genommenen Hosting-Leistungen dienen der Zurverf\u00fcgungstellung der folgenden Leistungen: Infrastruktur- und Plattformdienstleistungen, Rechenkapazit\u00e4t, Speicherplatz und Datenbankdienste, E-Mail-Versand, Sicherheitsleistungen sowie technische Wartungsleistungen, die wir zum Zwecke des Betriebs dieser Webseite einsetzen.<\/p>\n\n\n\n<p>Hierbei verarbeiten wir, bzw. unser Hostinganbieter Bestandsdaten, Kontaktdaten, Inhaltsdaten, Vertragsdaten, Nutzungsdaten, Meta- und Kommunikationsdaten von Kunden, Interessenten und Besuchern dieses Onlineangebotes auf Grundlage unserer berechtigten Interessen an einer effizienten und sicheren Zurverf\u00fcgungstellung dieser Webseite gem. Art. 6 Abs. 1 lit. f DSGVO i.V.m. Art. 28 DSGVO (Abschluss Auftragsverarbeitungsvertrag).<\/p>\n\n\n\n<p><strong>Nutzung der Kontaktdaten<\/strong><br>Der Nutzung von im Rahmen der Impressums-Pflicht ver\u00f6ffentlichten Kontaktdaten zur \u00dcbersendung von nicht ausdr\u00fccklich angeforderter Werbung und Informationsmaterialien wird hiermit widersprochen. Wir behalten uns ausdr\u00fccklich rechtliche Schritte im Falle der unverlangten Zusendung von Werbeinformationen, etwa durch Spam-E-Mails, vor.<\/p>\n\n\n\n<p><strong>Cookies<br><\/strong>Wir verwenden auf unserer Webseite Cookies. Dabei handelt es sich um Cookies, die f\u00fcr Webseiten auf WordPress.com erforderlich sind, um deren grundlegenden Funktionen zu erm\u00f6glichen. Das schliesst solche ein, die es registrierten Benutzern erlaubt, sich zu authentifizieren und Benutzerkonto-spezifische Funktionen auszuf\u00fchren.<\/p>\n\n\n\n<p>Sie k\u00f6nnen Ihren Browser so einstellen, dass Sie \u00fcber das Setzen von Cookies informiert werden und Cookies nur im Einzelfall erlauben, die Annahme von Cookies f\u00fcr bestimmte F\u00e4lle oder generell ausschliessen sowie das automatische L\u00f6schen der Cookies beim Schliessen des Browsers aktivieren. Bei der Deaktivierung von Cookies kann die Funktionalit\u00e4t dieser Website eingeschr\u00e4nkt sein.<\/p>\n\n\n\n<p><strong>Externe Links<\/strong><br>Auf dieser Webseite werden keine Plugins der Social Media-Netzwerke Facebook, Google Plus oder Xing verwendet. Es wird lediglich auf die eigenen Profile dort verlinkt. Wir verwenden auf unserer Webseite Links auf externe Seiten, die besonders gekennzeichnet sind und deren Inhalte sich nicht auf unserem Server befinden. Die externen Inhalte dieser Links wurden beim Setzen der Links gepr\u00fcft. Es kann jedoch nicht ausgeschlossen werden, dass die Inhalte von den jeweiligen Anbietern nachtr\u00e4glich ver\u00e4ndert wurden. Sollten Sie bemerken, dass die Inhalte der externen Anbieter gegen geltendes Recht verstossen, teilen Sie uns dies bitte mit.<\/p>\n\n\n\n<p><strong>YouTube<br><\/strong>Wir binden die Videos der Plattform \u00abYouTube\u00bb des Anbieters Google LLC, 1600 Amphitheatre Parkway, Mountain View, CA 94043, USA, ein.<\/p>\n\n\n\n<p>&gt;&nbsp;<a href=\"https:\/\/www.google.com\/policies\/privacy\/\" target=\"_blank\" rel=\"noreferrer noopener\">Datenschutzerkl\u00e4rung YouTube<\/a><br><strong>&gt;&nbsp;<a href=\"https:\/\/adssettings.google.com\/authenticated\" target=\"_blank\" rel=\"noreferrer noopener\">Bei YouTube Abmelden (Opt-Out)<\/a><\/strong><\/p>\n\n\n\n<p><strong>Google Maps<\/strong><br>Wir binden die Landkarten des Dienstes \u00abGoogle Maps\u00bb des Anbieters Google LLC, 1600 Amphitheatre Parkway, Mountain View, CA 94043, USA, ein. Zu den verarbeiteten Daten k\u00f6nnen insbesondere IP-Adressen und Standortdaten der Nutzer geh\u00f6ren, die jedoch nicht ohne deren Einwilligung (im Regelfall im Rahmen der Einstellungen ihrer Mobilger\u00e4te vollzogen), erhoben werden. Die Daten k\u00f6nnen in den USA verarbeitet werden.<\/p>\n\n\n\n<p><a href=\"https:\/\/www.google.com\/policies\/privacy\/\" target=\"_blank\" rel=\"noreferrer noopener\">&gt; Datenschutzerkl\u00e4rung Google Maps<\/a><br><a href=\"https:\/\/adssettings.google.com\/authenticated\" target=\"_blank\" rel=\"noreferrer noopener\"><strong>&gt; Bei Google-Maps abmelden (Opt-Out)<\/strong><\/a><\/p>\n\n\n\n<p><strong>Instagram<\/strong><br>Innerhalb unseres Onlineangebotes k\u00f6nnen Funktionen und Inhalte des Dienstes Instagram, angeboten durch die Instagram Inc., 1601 Willow Road, Menlo Park, CA, 94025, USA, eingebunden werden. Hierzu k\u00f6nnen z.B. Inhalte wie Bilder, Videos oder Texte und Schaltfl\u00e4chen geh\u00f6ren, mit denen Nutzer ihr Gefallen betreffend die Inhalte kundtun, den Verfassern der Inhalte oder unsere Beitr\u00e4ge abonnieren k\u00f6nnen. Sofern die Nutzer Mitglieder der Plattform Instagram sind, kann Instagram den Aufruf der o.g. Inhalte und Funktionen den dortigen Profilen der Nutzer zuordnen.<\/p>\n\n\n\n<p><a href=\"http:\/\/instagram.com\/about\/legal\/privacy\/\" target=\"_blank\" rel=\"noreferrer noopener\">&gt; Datenschutzerkl\u00e4rung Instagram<\/a><\/p>\n\n\n\n<p><strong>Google Analytics<\/strong><br>Auf unserer Webseite wird \u00abGoogle Analytics\u00bb, ein Webanalysedienst der Google Inc., 1600 Amphitheatre Parkway, Mountain View, CA 94.043 USA, zur Auswertung der Webseitebenutzung eingesetzt. Google Analytics verwendet Cookies (siehe Pkt. 2.), die auf Ihrem Computer gespeichert werden. Die darin enthaltenen Informationen \u00fcber die Webseite- und Internetnutzung des Besuchers k\u00f6nnen von Google verarbeitet und ausgewertet werden. Die von Google erhobenen Daten werden gegebenenfalls von Google in Staaten ausserhalb der EU und des EWR, insbesondere die USA, \u00fcbermittelt. Google hat sich jedoch dem Privacy Shield Framework unterworfen. N\u00e4here Informationen zu Ihren Rechten daraus finden Sie&nbsp;<a href=\"http:\/\/ec.europa.eu\/justice\/dataprotection\/document\/citizens-guide_en.pdf\" target=\"_blank\" rel=\"noreferrer noopener\">auf diesem Link<\/a>. Zus\u00e4tzlich stellen wir sicher, dass Ihre IP-Adresse vor der \u00dcbertragung an Google anonymisiert wird.<\/p>\n\n\n\n<p><strong>&gt;&nbsp;<a href=\"javascript:gaoo_handle_optout();\">Verbiete Google Analytics, mich zu verfolgen (Opt-Out)<\/a><\/strong><\/p>\n\n\n\n<p><strong>Content-Delivery-Network von Cloudflare<\/strong><br>Wir setzen ein so genanntes \u00abContent Delivery Network\u00bb (CDN), angeboten von Cloudflare, Inc., 101 Townsend St, San Francisco, CA 94107, USA, ein. Cloudflare ist unter dem Privacy-Shield-Abkommen zertifiziert und bietet hierdurch eine Garantie, das europ\u00e4ische&nbsp;<a href=\"https:\/\/www.privacyshield.gov\/participant?id=a2zt0000000GnZKAA0&amp;status=Active\" target=\"_blank\" rel=\"noreferrer noopener\">Datenschutzrecht<\/a>&nbsp;einzuhalten.<\/p>\n\n\n\n<p>Ein CDN ist ein Dienst, mit dessen Hilfe Inhalte unserer Webseite, insbesondere grosse Mediendateien, wie Grafiken oder Skripte mit Hilfe regional verteilter und \u00fcber das Internet verbundener Server, schneller ausgeliefert werden. Die Verarbeitung der Daten der Nutzer erfolgt alleine zu den vorgenannten Zwecken und der Aufrechterhaltung der Sicherheit und Funktionsf\u00e4higkeit des CDN.<\/p>\n\n\n\n<p><a href=\"https:\/\/www.cloudflare.com\/security-policy\" target=\"_blank\" rel=\"noreferrer noopener\">&gt; Datenschutzerkl\u00e4rung von Cloudflare<\/a><\/p>\n\n\n\n<p><strong>Aktualit\u00e4t und \u00c4nderung dieser Datenschutzerkl\u00e4rung<\/strong><br>Diese Datenschutzerkl\u00e4rung ist aktuell g\u00fcltig und hat den Stand Mai 2021. Durch die Weiterentwicklung unserer Webseite und Angebote dar\u00fcber oder aufgrund ge\u00e4nderter gesetzlicher beziehungsweise beh\u00f6rdlicher Vorgaben kann es notwendig werden, diese Datenschutzerkl\u00e4rung zu\u00a0<\/p>\n","protected":false},"excerpt":{"rendered":"<p>Datenschutz hat einen hohen Stellenwert f\u00fcr uns. Diese Datenschutzerkl\u00e4rung kl\u00e4rt Sie \u00fcber die Art, den Umfang und Zweck der Verarbeitung von personenbezogenen Daten (nachfolgend kurz \u00abDaten\u00bb) innerhalb unserer Webseite und der mit ihr verbundenen Webseiten, Funktionen und Inhalte sowie externen Onlinepr\u00e4senzen auf (nachfolgend gemeinsam bezeichnet als \u00abWebseite\u00bb). Die verantwortliche Stelle f\u00fcr die Datenverarbeitung auf dieser&hellip; <a class=\"more-link\" href=\"https:\/\/www.kian.li\/index.php\/privacy-policy\/\">Continue reading <span class=\"screen-reader-text\">Datenschutz<\/span><\/a><\/p>\n","protected":false},"author":1,"featured_media":0,"parent":0,"menu_order":0,"comment_status":"closed","ping_status":"open","template":"","meta":{"footnotes":""},"class_list":["post-3","page","type-page","status-publish","hentry","entry"],"_links":{"self":[{"href":"https:\/\/www.kian.li\/index.php\/wp-json\/wp\/v2\/pages\/3","targetHints":{"allow":["GET"]}}],"collection":[{"href":"https:\/\/www.kian.li\/index.php\/wp-json\/wp\/v2\/pages"}],"about":[{"href":"https:\/\/www.kian.li\/index.php\/wp-json\/wp\/v2\/types\/page"}],"author":[{"embeddable":true,"href":"https:\/\/www.kian.li\/index.php\/wp-json\/wp\/v2\/users\/1"}],"replies":[{"embeddable":true,"href":"https:\/\/www.kian.li\/index.php\/wp-json\/wp\/v2\/comments?post=3"}],"version-history":[{"count":1,"href":"https:\/\/www.kian.li\/index.php\/wp-json\/wp\/v2\/pages\/3\/revisions"}],"predecessor-version":[{"id":49,"href":"https:\/\/www.kian.li\/index.php\/wp-json\/wp\/v2\/pages\/3\/revisions\/49"}],"wp:attachment":[{"href":"https:\/\/www.kian.li\/index.php\/wp-json\/wp\/v2\/media?parent=3"}],"curies":[{"name":"wp","href":"https:\/\/api.w.org\/{rel}","templated":true}]}}