{"id":6,"date":"2021-05-13T18:44:46","date_gmt":"2021-05-13T18:44:46","guid":{"rendered":"https:\/\/www.kian.li\/?page_id=6"},"modified":"2021-05-13T19:39:03","modified_gmt":"2021-05-13T19:39:03","slug":"about","status":"publish","type":"page","link":"https:\/\/www.kian.li\/index.php\/about\/","title":{"rendered":"Das Projekt"},"content":{"rendered":"\n<p>Mit grosser Begeisterung spiele ich seit einem Jahr Darts, nachdem ich im Fr\u00fchjahr 2020 meine erste Dartsscheibe bekommen hatte. <\/p>\n\n\n\n<p>Zum Jahreswechsel 2020\/2021 habe ich die Darts Weltmeisterschaft verfolgt. Dabei konnte ich mir einige Tricks von den Profis abschauen.<\/p>\n\n\n\n<p>Dann kam mir die Idee einen Darts Verein f\u00fcr Kinder in Ruggell zu gr\u00fcnden. Mit Freunden gemeinsam und regelm\u00e4ssig Darts spielen macht bestimmt noch mehr Spass. Meine Eltern unterst\u00fctzen mich dabei. Es soll ein Projekt werden, das wir Kinder, als k\u00fcnftige Mitglieder des Vereins, gemeinsam entwickeln sollen. <\/p>\n\n\n\n<p>Wir starten mit der Gestaltung der Homepage, definieren gemeinsam die Regeln, nach denen unser Verein funktionieren soll, wir gr\u00fcnden unseren Verein, suchen ein Vereinslokal, gewinnen Sponsoren, besorgen die Ausstattung und haben gemeinsam Spass beim Dartsspielen. <\/p>\n\n\n\n<p>Wer m\u00f6chte dabei sein und dieses Projekt mit mir gemeinsam verwirklichen? Wenn du Interesse hast, schau weiter zum Men\u00fcpunkt &#8220;Kontakt&#8221;. Ich freue mich auf eure E-Mails. <\/p>\n","protected":false},"excerpt":{"rendered":"<p>Mit grosser Begeisterung spiele ich seit einem Jahr Darts, nachdem ich im Fr\u00fchjahr 2020 meine erste Dartsscheibe bekommen hatte. Zum Jahreswechsel 2020\/2021 habe ich die Darts Weltmeisterschaft verfolgt. Dabei konnte ich mir einige Tricks von den Profis abschauen. Dann kam mir die Idee einen Darts Verein f\u00fcr Kinder in Ruggell zu gr\u00fcnden. Mit Freunden gemeinsam&hellip; <a class=\"more-link\" href=\"https:\/\/www.kian.li\/index.php\/about\/\">Continue reading <span class=\"screen-reader-text\">Das Projekt<\/span><\/a><\/p>\n","protected":false},"author":1,"featured_media":0,"parent":0,"menu_order":0,"comment_status":"closed","ping_status":"closed","template":"","meta":{"footnotes":""},"class_list":["post-6","page","type-page","status-publish","hentry","entry"],"_links":{"self":[{"href":"https:\/\/www.kian.li\/index.php\/wp-json\/wp\/v2\/pages\/6","targetHints":{"allow":["GET"]}}],"collection":[{"href":"https:\/\/www.kian.li\/index.php\/wp-json\/wp\/v2\/pages"}],"about":[{"href":"https:\/\/www.kian.li\/index.php\/wp-json\/wp\/v2\/types\/page"}],"author":[{"embeddable":true,"href":"https:\/\/www.kian.li\/index.php\/wp-json\/wp\/v2\/users\/1"}],"replies":[{"embeddable":true,"href":"https:\/\/www.kian.li\/index.php\/wp-json\/wp\/v2\/comments?post=6"}],"version-history":[{"count":4,"href":"https:\/\/www.kian.li\/index.php\/wp-json\/wp\/v2\/pages\/6\/revisions"}],"predecessor-version":[{"id":48,"href":"https:\/\/www.kian.li\/index.php\/wp-json\/wp\/v2\/pages\/6\/revisions\/48"}],"wp:attachment":[{"href":"https:\/\/www.kian.li\/index.php\/wp-json\/wp\/v2\/media?parent=6"}],"curies":[{"name":"wp","href":"https:\/\/api.w.org\/{rel}","templated":true}]}}